{"id":83,"date":"2024-03-15T10:09:13","date_gmt":"2024-03-15T10:09:13","guid":{"rendered":"https:\/\/auszeit-mit-panoramablick.de\/?page_id=83"},"modified":"2024-03-15T21:20:36","modified_gmt":"2024-03-15T21:20:36","slug":"willkommen","status":"publish","type":"page","link":"https:\/\/auszeit-mit-panoramablick.de\/?page_id=83","title":{"rendered":"WILLKOMMEN"},"content":{"rendered":"<p>Ankommen und Genie\u00dfen. Sch\u00f6n, dass Sie sich f\u00fcr einen Urlaub in Eichst\u00e4tt entschieden haben. Die Ferienwohnung AUSZEIT verw\u00f6hnt Sie mit einem besonderen Flair. Umgeben von Ruhe, Natur und einem einzigartigen Panoramablick werden Sie den Alltag bald vergessen!<\/p>\n<p>Treten Sie ein&#8230;<\/p>\n\n<div class=\"wp-block-image wp-duotone-unset-1\">\n<figure class=\"aligncenter size-full is-resized\"><img loading=\"lazy\" decoding=\"async\" width=\"768\" height=\"270\" src=\"https:\/\/auszeit-mit-panoramablick.de\/wp-content\/uploads\/2024\/03\/auszeit_jpeg.jpg\" alt=\"\" class=\"wp-image-326\" style=\"width:207px;height:auto\" srcset=\"https:\/\/auszeit-mit-panoramablick.de\/wp-content\/uploads\/2024\/03\/auszeit_jpeg.jpg 768w, https:\/\/auszeit-mit-panoramablick.de\/wp-content\/uploads\/2024\/03\/auszeit_jpeg-300x105.jpg 300w\" sizes=\"auto, (max-width: 768px) 100vw, 768px\" \/><\/figure>\n<\/div>\n\n<div class=\"wp-block-image is-style-rounded\">\n<figure class=\"aligncenter is-resized\"><img loading=\"lazy\" decoding=\"async\" width=\"500\" height=\"289\" src=\"https:\/\/auszeit-mit-panoramablick.de\/wp-content\/uploads\/2024\/03\/wp9ca0b04e.png\" alt=\"\" class=\"wp-image-46\" style=\"width:178px;height:auto\" srcset=\"https:\/\/auszeit-mit-panoramablick.de\/wp-content\/uploads\/2024\/03\/wp9ca0b04e.png 500w, https:\/\/auszeit-mit-panoramablick.de\/wp-content\/uploads\/2024\/03\/wp9ca0b04e-300x173.png 300w\" sizes=\"auto, (max-width: 500px) 100vw, 500px\" \/><\/figure>\n<\/div>","protected":false},"excerpt":{"rendered":"<p>Ankommen und Genie\u00dfen. Sch\u00f6n, dass Sie sich f\u00fcr einen Urlaub in Eichst\u00e4tt entschieden haben. Die Ferienwohnung AUSZEIT verw\u00f6hnt Sie mit einem besonderen Flair. Umgeben von<a href=\"https:\/\/auszeit-mit-panoramablick.de\/?page_id=83\" class=\"more-link\"><\/a><\/p>\n","protected":false},"author":1,"featured_media":0,"parent":0,"menu_order":0,"comment_status":"closed","ping_status":"closed","template":"","meta":{"footnotes":""},"class_list":["post-83","page","type-page","status-publish","hentry"],"_links":{"self":[{"href":"https:\/\/auszeit-mit-panoramablick.de\/index.php?rest_route=\/wp\/v2\/pages\/83","targetHints":{"allow":["GET"]}}],"collection":[{"href":"https:\/\/auszeit-mit-panoramablick.de\/index.php?rest_route=\/wp\/v2\/pages"}],"about":[{"href":"https:\/\/auszeit-mit-panoramablick.de\/index.php?rest_route=\/wp\/v2\/types\/page"}],"author":[{"embeddable":true,"href":"https:\/\/auszeit-mit-panoramablick.de\/index.php?rest_route=\/wp\/v2\/users\/1"}],"replies":[{"embeddable":true,"href":"https:\/\/auszeit-mit-panoramablick.de\/index.php?rest_route=%2Fwp%2Fv2%2Fcomments&post=83"}],"version-history":[{"count":8,"href":"https:\/\/auszeit-mit-panoramablick.de\/index.php?rest_route=\/wp\/v2\/pages\/83\/revisions"}],"predecessor-version":[{"id":376,"href":"https:\/\/auszeit-mit-panoramablick.de\/index.php?rest_route=\/wp\/v2\/pages\/83\/revisions\/376"}],"wp:attachment":[{"href":"https:\/\/auszeit-mit-panoramablick.de\/index.php?rest_route=%2Fwp%2Fv2%2Fmedia&parent=83"}],"curies":[{"name":"wp","href":"https:\/\/api.w.org\/{rel}","templated":true}]}}

<p>Ankommen und Genießen. Schön, dass Sie sich für einen Urlaub in Eichstätt entschieden haben. Die Ferienwohnung AUSZEIT verwöhnt Sie mit einem besonderen Flair. Umgeben von Ruhe, Natur und einem einzigartigen Panoramablick werden Sie den Alltag bald vergessen!</p>
<p>Treten Sie ein&#8230;</p>

<div class="wp-block-image wp-duotone-unset-1">
<figure class="aligncenter size-full is-resized"><img loading="lazy" decoding="async" width="768" height="270" src="https://auszeit-mit-panoramablick.de/wp-content/uploads/2024/03/auszeit_jpeg.jpg" alt="" class="wp-image-326" style="width:207px;height:auto" srcset="https://auszeit-mit-panoramablick.de/wp-content/uploads/2024/03/auszeit_jpeg.jpg 768w, https://auszeit-mit-panoramablick.de/wp-content/uploads/2024/03/auszeit_jpeg-300x105.jpg 300w" sizes="auto, (max-width: 768px) 100vw, 768px" /></figure>
</div>

<div class="wp-block-image is-style-rounded">
<figure class="aligncenter is-resized"><img loading="lazy" decoding="async" width="500" height="289" src="https://auszeit-mit-panoramablick.de/wp-content/uploads/2024/03/wp9ca0b04e.png" alt="" class="wp-image-46" style="width:178px;height:auto" srcset="https://auszeit-mit-panoramablick.de/wp-content/uploads/2024/03/wp9ca0b04e.png 500w, https://auszeit-mit-panoramablick.de/wp-content/uploads/2024/03/wp9ca0b04e-300x173.png 300w" sizes="auto, (max-width: 500px) 100vw, 500px" /></figure>
</div>

<p>Ankommen und Genießen. Schön, dass Sie sich für einen Urlaub in Eichstätt entschieden haben. Die Ferienwohnung AUSZEIT verwöhnt Sie mit einem besonderen Flair. Umgeben von<a href="https://auszeit-mit-panoramablick.de/?page_id=83" class="more-link"></a></p>
