{"id":26,"date":"2024-03-15T10:09:13","date_gmt":"2024-03-15T10:09:13","guid":{"rendered":"https:\/\/auszeit-mit-panoramablick.de\/?page_id=26"},"modified":"2024-03-15T10:09:13","modified_gmt":"2024-03-15T10:09:13","slug":"agb","status":"publish","type":"page","link":"https:\/\/auszeit-mit-panoramablick.de\/?page_id=26","title":{"rendered":"AGB"},"content":{"rendered":"<p>ALLGEMEINE GESCH\u00c4FTSBEDINGUNGEN<br \/>\n1. Vertragsabschluss:<br \/>\nDer Mietvertrag gilt als geschlossen, wenn eine vom Mieter bestellte Reservierung vom<br \/>\nVermieter best\u00e4tigt wurde. Bei allen Reservierungen ist ohne besondere Absprachen mit dem Vermieter, die Barzahlung des Mietpreises bei Anreise vor Bezug der Ferienwohnung erforderlich.<br \/>\n2. Mietgegenstand:<br \/>\nDas Mietverh\u00e4ltnis umfasst die Ferienwohnung \u201eAUSZEIT mit Panoramablick\u201c in Eichst\u00e4tt, wie auf der<br \/>\nInternetseite www.auszeit-mit-panoramablick.de beschrieben und dargestellt.<br \/>\n3. Stornierung:<br \/>\nStorno bis 30 Tage vor Anreise: 20% des Gesamtmietpreises<br \/>\nStorno bis 20 Tage vor Anreise: 50% des Gesamtmietpreises<br \/>\nDanach und bei Nichtanreise: 80% des Gesamtmietpreises<br \/>\nDie Stornierung der Ferienwohnung muss durch den Mieter schriftlich erfolgen.<br \/>\n4. Haftung und Pflichten des Mieters:<br \/>\nDer Mieter hat das Mietobjekt und das darin befindliche Inventar pfleglich zu behandeln.<br \/>\nEr ist verpflichtet, alle w\u00e4hrend seiner Mietzeit entstandenen Sch\u00e4den zu ersetzen.<br \/>\nDer Mieter haftet f\u00fcr Sch\u00e4den, die durch ihn, seine Familienangeh\u00f6rigen, Besucher,<br \/>\nsowie durch von ihm beauftragte Handwerker und Lieferanten schuldhaft verursacht werden.<br \/>\nDem Mieter obliegt der Beweis daf\u00fcr, dass ein schuldhaftes Verhalten nicht vorgelegen hat.<br \/>\n\u00dcberm\u00e4\u00dfige L\u00e4rmbel\u00e4stigung und sonstige St\u00f6rungen zum Nachteil der Nachbarn<br \/>\nsind zu unterlassen.<br \/>\nDas Mitbringen von Haustieren jeglicher Art ist untersagt.<br \/>\nRauchen innerhalb der Ferienwohnung ist nicht gestattet.<br \/>\n5. An- und Abreise:<br \/>\nDie Ferienwohnung kann am Anreisetag in der Zeit ab 15:00 bis 18:00 Uhr<br \/>\nbezogen werden. Abweichungen hiervon sind in Absprache mit dem Vermieter<br \/>\nm\u00f6glich. Der Mieter ist verpflichtet, sich rechtzeitig mit dem Vermieter in Verbindung<br \/>\nzu setzen, um die Schl\u00fcssel\u00fcbergabe abzusprechen.<br \/>\nDie Abreise muss am Abreisetag bis 10:00 Uhr erfolgen. Bei Abreise sind die<br \/>\nSchl\u00fcssel an den Vermieter zu \u00fcbergeben und etwaige Sch\u00e4den zu benennen.<br \/>\n6. Verlust des Schl\u00fcssels:<br \/>\nSollte ein Schl\u00fcssel verloren gehen, haftet der Mieter f\u00fcr die anfallenden Kosten, die<br \/>\naus dem Ersatz und eventuellen Austausch von Schlie\u00dfzylindern entstehen.<br \/>\n7. Haftung des Vermieters:<br \/>\nDie Haftung des Vermieters richtet sich nach den gesetzlichen Bestimmungen.<br \/>\nDie Nutzung des innerhalb des Grundst\u00fcckes zur Verf\u00fcgung gestellten Parkplatzes<br \/>\nerfolgt auf eigene Gefahr. Der Vermieter haftet nicht f\u00fcr den Verlust oder Besch\u00e4digung<br \/>\nvon Fahrzeugen und Gegenst\u00e4nden.<br \/>\n8. Salvatorische Klausel:<br \/>\nSollten Teile des Mietvertrages rechtsunwirksam sein, so gilt an deren Stelle das hierf\u00fcr<br \/>\ngeltende b\u00fcrgerliche Recht.<br \/>\n9. Gerichtsstand:<br \/>\nGerichtsstand ist Ingolstadt<\/p>\n","protected":false},"excerpt":{"rendered":"<p>ALLGEMEINE GESCH\u00c4FTSBEDINGUNGEN 1. Vertragsabschluss: Der Mietvertrag gilt als geschlossen, wenn eine vom Mieter bestellte Reservierung vom Vermieter best\u00e4tigt wurde. Bei allen Reservierungen ist ohne besondere<a href=\"https:\/\/auszeit-mit-panoramablick.de\/?page_id=26\" class=\"more-link\"><\/a><\/p>\n","protected":false},"author":1,"featured_media":0,"parent":0,"menu_order":0,"comment_status":"closed","ping_status":"closed","template":"","meta":{"footnotes":""},"class_list":["post-26","page","type-page","status-publish","hentry"],"_links":{"self":[{"href":"https:\/\/auszeit-mit-panoramablick.de\/index.php?rest_route=\/wp\/v2\/pages\/26","targetHints":{"allow":["GET"]}}],"collection":[{"href":"https:\/\/auszeit-mit-panoramablick.de\/index.php?rest_route=\/wp\/v2\/pages"}],"about":[{"href":"https:\/\/auszeit-mit-panoramablick.de\/index.php?rest_route=\/wp\/v2\/types\/page"}],"author":[{"embeddable":true,"href":"https:\/\/auszeit-mit-panoramablick.de\/index.php?rest_route=\/wp\/v2\/users\/1"}],"replies":[{"embeddable":true,"href":"https:\/\/auszeit-mit-panoramablick.de\/index.php?rest_route=%2Fwp%2Fv2%2Fcomments&post=26"}],"version-history":[{"count":4,"href":"https:\/\/auszeit-mit-panoramablick.de\/index.php?rest_route=\/wp\/v2\/pages\/26\/revisions"}],"predecessor-version":[{"id":61,"href":"https:\/\/auszeit-mit-panoramablick.de\/index.php?rest_route=\/wp\/v2\/pages\/26\/revisions\/61"}],"wp:attachment":[{"href":"https:\/\/auszeit-mit-panoramablick.de\/index.php?rest_route=%2Fwp%2Fv2%2Fmedia&parent=26"}],"curies":[{"name":"wp","href":"https:\/\/api.w.org\/{rel}","templated":true}]}}

<p>ALLGEMEINE GESCHÄFTSBEDINGUNGEN<br />
1. Vertragsabschluss:<br />
Der Mietvertrag gilt als geschlossen, wenn eine vom Mieter bestellte Reservierung vom<br />
Vermieter bestätigt wurde. Bei allen Reservierungen ist ohne besondere Absprachen mit dem Vermieter, die Barzahlung des Mietpreises bei Anreise vor Bezug der Ferienwohnung erforderlich.<br />
2. Mietgegenstand:<br />
Das Mietverhältnis umfasst die Ferienwohnung „AUSZEIT mit Panoramablick“ in Eichstätt, wie auf der<br />
Internetseite www.auszeit-mit-panoramablick.de beschrieben und dargestellt.<br />
3. Stornierung:<br />
Storno bis 30 Tage vor Anreise: 20% des Gesamtmietpreises<br />
Storno bis 20 Tage vor Anreise: 50% des Gesamtmietpreises<br />
Danach und bei Nichtanreise: 80% des Gesamtmietpreises<br />
Die Stornierung der Ferienwohnung muss durch den Mieter schriftlich erfolgen.<br />
4. Haftung und Pflichten des Mieters:<br />
Der Mieter hat das Mietobjekt und das darin befindliche Inventar pfleglich zu behandeln.<br />
Er ist verpflichtet, alle während seiner Mietzeit entstandenen Schäden zu ersetzen.<br />
Der Mieter haftet für Schäden, die durch ihn, seine Familienangehörigen, Besucher,<br />
sowie durch von ihm beauftragte Handwerker und Lieferanten schuldhaft verursacht werden.<br />
Dem Mieter obliegt der Beweis dafür, dass ein schuldhaftes Verhalten nicht vorgelegen hat.<br />
Übermäßige Lärmbelästigung und sonstige Störungen zum Nachteil der Nachbarn<br />
sind zu unterlassen.<br />
Das Mitbringen von Haustieren jeglicher Art ist untersagt.<br />
Rauchen innerhalb der Ferienwohnung ist nicht gestattet.<br />
5. An- und Abreise:<br />
Die Ferienwohnung kann am Anreisetag in der Zeit ab 15:00 bis 18:00 Uhr<br />
bezogen werden. Abweichungen hiervon sind in Absprache mit dem Vermieter<br />
möglich. Der Mieter ist verpflichtet, sich rechtzeitig mit dem Vermieter in Verbindung<br />
zu setzen, um die Schlüsselübergabe abzusprechen.<br />
Die Abreise muss am Abreisetag bis 10:00 Uhr erfolgen. Bei Abreise sind die<br />
Schlüssel an den Vermieter zu übergeben und etwaige Schäden zu benennen.<br />
6. Verlust des Schlüssels:<br />
Sollte ein Schlüssel verloren gehen, haftet der Mieter für die anfallenden Kosten, die<br />
aus dem Ersatz und eventuellen Austausch von Schließzylindern entstehen.<br />
7. Haftung des Vermieters:<br />
Die Haftung des Vermieters richtet sich nach den gesetzlichen Bestimmungen.<br />
Die Nutzung des innerhalb des Grundstückes zur Verfügung gestellten Parkplatzes<br />
erfolgt auf eigene Gefahr. Der Vermieter haftet nicht für den Verlust oder Beschädigung<br />
von Fahrzeugen und Gegenständen.<br />
8. Salvatorische Klausel:<br />
Sollten Teile des Mietvertrages rechtsunwirksam sein, so gilt an deren Stelle das hierfür<br />
geltende bürgerliche Recht.<br />
9. Gerichtsstand:<br />
Gerichtsstand ist Ingolstadt</p>

<p>ALLGEMEINE GESCHÄFTSBEDINGUNGEN 1. Vertragsabschluss: Der Mietvertrag gilt als geschlossen, wenn eine vom Mieter bestellte Reservierung vom Vermieter bestätigt wurde. Bei allen Reservierungen ist ohne besondere<a href="https://auszeit-mit-panoramablick.de/?page_id=26" class="more-link"></a></p>
